te the remainder when u(-3) is divided by q.
5
Suppose 5*j + 5 = 0, -5*j = -5*r + 23 - 3. Suppose 4*c = -2*t + r*t + 7, 5*t = 25. Suppose 12 = z + 2*z. Calculate the remainder when z is divided by c.
1
Let t(o) = o**2 + 11*o + 9. Calculate the remainder when 81 is divided by t(-12).
18
Let y(f) be the second derivative of -f**5/20 - 2*f**4/3 - 4*f**3/3 + 4*f**2 + 3*f. Calculate the remainder when y(-7) is divided by 9.
6
Let j(d) = d**2 + 3*d - 4. Let i(h) = -6*h**2 - 2*h - 1. Let c be i(-1). Let y be j(c). What is the remainder when (-52)/(-14) - y/(-21) is divided by 2?
0
Suppose 4*q - q + 3*z + 9 = 0, z = q + 3. Let d(m) = -3*m + 2*m**2 + 2 + 2*m**2 + 8*m. Calculate the remainder when d(q) is divided by 8.
7
Let m(a) = -6*a**3 + a**2 - a. What is the remainder when m(-2) is divided by 28?
26
Calculate the remainder when 30 is divided by ((-3)/(-15))/(3/165).
8
Suppose 50 = 4*i + 162. Calculate the remainder when 82 is divided by (i/(-5))/((-2)/(-10)).
26
Let c = 18 + -9. Let a be (-32)/(-3) - 6/c. Let g = 27 - a. What is the remainder when 33 is divided by g?
16
Suppose -5*c - 29 = -69. Calculate the remainder when 45 is divided by c.
5
Let r(f) = 2*f**2 + 4. Let t = -10 + 14. Suppose 0 = n - 0*n - t. Calculate the remainder when r(n) is divided by 19.
17
Let n(r) = -r**3 + 7*r**2 - 6*r + 8. What is the remainder when (5*1)/(111/333) is divided by n(6)?
7
Let g(d) = 18*d - 14. Let v be -4 - ((-2 - 0) + 2). Let b(q) = -q + 4. What is the remainder when g(2) is divided by b(v)?
6
Let r = 87 - -31. Calculate the remainder when r is divided by 24.
22
What is the remainder when 2 + 3 - 2 - (-116)/1 is divided by 25?
19
Suppose 2*b = -14*b + 144. What is the remainder when 59 is divided by b?
5
Calculate the remainder when 97/3 - (2/6)/1 is divided by 18.
14
Suppose -4*o + 201 = 5*y, 2*y + o - 90 = -3*o. What is the remainder when 182 is divided by y?
34
Suppose -k - 109 = -199. Calculate the remainder when k is divided by 33.
24
What is the remainder when 17 is divided by 3 + 11 + (-2)/1?
5
Suppose -2*c - 456 = -4*c. What is the remainder when c is divided by 58?
54
Suppose 2*g - 4 = -2*x, -x + 0*g + 2 = -2*g. Suppose 0*k - k + 119 = 3*n, x*n = 6. What is the remainder when k is divided by 28?
26
Suppose -z - 2*z + 75 = 0. Suppose -4*j - 2 + 22 = -4*x, -4*j + 5*x + 16 = 0. Calculate the remainder when z is divided by j.
7
Suppose -4*x - 4 = -12. Let l(j) = j - 2. What is the remainder when l(5) is divided by x?
1
Suppose -5*h = -208 - 12. Calculate the remainder when 351 is divided by h.
43
Suppose -s = 9 - 38. Calculate the remainder when 115 is divided by s.
28
Let l = -85 + 98. What is the remainder when l is divided by 10?
3
Let r = 98 + -87. What is the remainder when 30 is divided by r?
8
Suppose 4 - 2 = 2*g, -3*g = -4*i + 25. Let j(f) = -f**3 + f - 16. Let o be j(0). Calculate the remainder when (12/o)/((-2)/32) is divided by i.
5
Let w = 142 - 118. Calculate the remainder when 94 is divided by w.
22
Suppose 137 = s + 5*d, -s + 219 = s - d. What is the remainder when s is divided by 6?
4
Let d(x) = 41*x. Let w = 3 - 10. Let p = w + 8. What is the remainder when d(p) is divided by 21?
20
Let l = -17 - -24. Let z(p) = 2*p**2 + p - 2. What is the remainder when z(3) is divided by l?
5
Suppose 0 = -10*t + 72 + 88. Let v(l) = 62*l**2 + 1. Calculate the remainder when v(-1) is divided by t.
15
Suppose -5*w - 2*g + 0*g + 78 = 0, 0 = -2*w + 2*g + 20. Calculate the remainder when w is divided by 4.
2
Let q(y) = y + 3. Let a = 1 + 12. Calculate the remainder when a is divided by q(4).
6
Let v = 18 - 18. Suppose -5*x - j + 2*j + 15 = v, 5*j = 0. Suppose 3*n = 12 + 3. What is the remainder when n is divided by x?
2
Suppose a - 31 = -5*b, -5*a = -3*b - 2*b - 155. Calculate the remainder when a is divided by 9.
4
Let a(n) = 3*n**3 - 6*n**2 + 8*n + 6. Let y be a(6). What is the remainder when y/14 + 2/7 is divided by (-12)/(-5)*(-30)/(-4)?
17
Let g(q) = -2*q - 2. Let h be g(-3). Let i = -2 + h. Calculate the remainder when 62/(4/i) - 1 is divided by 16.
14
Let n(h) = -h**3 - 7*h**2 - 8*h - 17. Calculate the remainder when n(-7) is divided by 15.
9
Suppose 2*s + 4*g + 31 = 139, -s = -g - 66. Suppose -2*a - 24 = -s. Suppose 2*v + 14 = b + v, -3*b = -4*v - 46. Calculate the remainder when a is divided by b.
9
Let i = -75 - -114. Calculate the remainder when i is divided by 8.
7
Let u(r) = -r**3 + 6. Let x be (2 - 2)/(4/2). Let y be u(x). What is the remainder when -16*((-75)/y)/5 is divided by 21?
19
What is the remainder when -4*1 - (8 + -25) is divided by (-76)/(-10) - (-4)/10?
5
Let f = -92 + 177. Suppose -z + 3*z - 36 = -4*i, -4*z + f = -5*i. Calculate the remainder when z is divided by 11.
9
Let g = -2 - -3. Let a = 32 - 31. Calculate the remainder when a is divided by g.
0
Suppose -2*z = -3*p + 31, -2*p - 3*z - 2*z = -8. What is the remainder when 16 is divided by p?
7
Let x(k) = -2*k**3 - 4*k**2 + 6*k - 6. Calculate the remainder when x(-5) is divided by 29.
27
What is the remainder when (96/30 - -5)*(-1 + 6) is divided by 9?
5
Let v(o) = -o**2 + 3. Let a be v(0). Suppose 8*z = 5*l + 5*z - 215, 0 = a*l + 2*z - 148. What is the remainder when l is divided by 12?
10
Calculate the remainder when 8/(-4) - -1 - (2 - 48) is divided by 10.
5
Suppose 13 = 5*y - u, 0 = 4*y - 0*y - 3*u - 17. Suppose 0 = y*a - 20 + 2. Suppose 4*t + 74 = 178. Calculate the remainder when t is divided by a.
8
Suppose -4 = n, 0*n - 3*n - 4 = w. What is the remainder when 31 is divided by w?
7
Calculate the remainder when 51 is divided by 14/84 + (-214)/(-12).
15
Let p(c) = -18*c - 4. Let l be p(-2). Let f = l - 12. Calculate the remainder when 38 is divided by f.
18
Let g(n) = 2 + 12*n + 3 - 4*n - 2. Let v be g(3). Let t = v + -15. What is the remainder when 22 is divided by t?
10
Let v(l) = -64*l. Let j be v(-3). Let m = j - 122. Calculate the remainder when m is divided by 18.
16
What is the remainder when (-10 + 7)*(26/(-3) + 1) is divided by 2/((-2)/(-9)) - 1?
7
Calculate the remainder when 43 is divided by (-204)/(-18) + (-2)/6.
10
Let k(i) = -i**2 - 6*i + 5. What is the remainder when 5 is divided by k(-6)?
0
What is the remainder when 36 is divided by 2/4 - (-25)/2?
10
Let u = 27 - -18. Calculate the remainder when u is divided by 16.
13
Suppose 3*x = 6*x - 54. What is the remainder when x is divided by 11?
7
Suppose 5*m = 2*j + 6, 0*j + j = -2*m + 6. Suppose 2 = m*v - v. Suppose 4*h + 3*a - 75 = 6*a, -v*a = 10. Calculate the remainder when 44 is divided by h.
14
Let p(t) = -t + 15. Let m be p(8). Suppose 12 = 11*j - m*j. Calculate the remainder when 8 is divided by j.
2
Suppose a - 17 = u, 2*u = -3*a + 22 + 14. Suppose -2*q + 5*f + 107 = -0*q, -2*f = 10. What is the remainder when q is divided by a?
13
Suppose -5*v + 5*x - 15 = 0, 5*v - 15 = -4*x - x. Suppose s + v*s - 3 = 0. Calculate the remainder when 7 is divided by (24/9)/2*s.
3
Let b = -11 + 15. Suppose 92 = b*r + 2*l + l, -4*r = 4*l - 88. What is the remainder when r is divided by 9?
8
Suppose -5*h - 2*n = -5*n - 53, 0 = -3*h + 3*n + 33. What is the remainder when 36 is divided by h?
6
Suppose -8*y = -4*y - 16. What is the remainder when 10 is divided by y?
2
Let u = -45 - -62. Suppose 171 - 39 = 4*j. What is the remainder when j is divided by u?
16
Let x(z) = z**3 - z**2 + 2*z + 23. Calculate the remainder when 31 is divided by x(0).
8
Let j(s) = -3*s + 3. Let k be j(-5). Suppose l = -3*h + k, h - 5 = l + 5. What is the remainder when 27 is divided by h?
6
Let u(z) = 3*z - 12. What is the remainder when 41 is divided by u(11)?
20
Let p(q) = -4*q - 18. Calculate the remainder when p(-14) is divided by 8.
6
Calculate the remainder when 20 is divided by 10 - (-4)/(1 - -3).
9
Suppose -15*m = -11*m - 112. Calculate the remainder when 51 is divided by m.
23
Suppose 0*x - x = -4. Let v(d) = -d**3 + 9*d**2 + d + 5. What is the remainder when v(9) is divided by x?
2
Suppose 0 = -4*a - 0*a + 4. What is the remainder when (-1)/1*(-34 - a) is divided by 12?
11
Let q = -9 + 16. Let p(x) be the second derivative of 9*x**5/10 + x**3/6 + 2*x. What is the remainder when p(1) is divided by q?
5
Let w = 10 + -3. What is the remainder when 34 is divided by w?
6
Suppose -3*q - 3*i = 2*i - 19, -10 = -2*q - 2*i. Calculate the remai